u. What is the remainder when b is divided by 44?
42
Let h(a) = -a**3 + 10*a**2 - 9*a + 13. Suppose -2*y = 5 - 15. Suppose -y*q = -w - 16, -5*q + 43 = 2*w - 0*q. Calculate the remainder when 37 is divided by h(w).
11
Let n = -709 - -717. Suppose 0*u = -u + 5. Calculate the remainder when n is divided by u.
3
Calculate the remainder when ((-12)/(-4) - 4)*-43 is divided by 20.
3
Let z = -933 + 1014. What is the remainder when 142 is divided by z?
61
Suppose 48*p = 35*p + 130. Calculate the remainder when 389 is divided by p.
9
Suppose -2*f = -6*k + 3*k + 72, f + 72 = 3*k. What is the remainder when 28 is divided by k?
4
Suppose a - 103 = 4*l, -l - l + 3*a = 59. Let s be (-2)/5 + 15/l. What is the remainder when 81 is divided by (1 - 4)/(s/7)?
18
Let j(p) = 2*p - 9. Let i be j(4). Let u(l) = -4*l**3 + 2*l**2 - l - 2. Let t be u(i). Suppose -t*r = -21 - 19. Calculate the remainder when r is divided by 2.
0
Suppose 0 = 4*r - 19 - 5. Let l(d) = 4*d - 3. Let y be l(1). Let z(j) = 3*j**3 + 2*j - 1. Calculate the remainder when r is divided by z(y).
2
Suppose 5*v - 7*v = -4. Let p(f) = 7*f - 11. Calculate the remainder when p(v) is divided by 2.
1
Let j(r) = 14*r + 55. Calculate the remainder when j(0) is divided by 9.
1
Suppose -21*r + 10*r = -253. Calculate the remainder when 1240 is divided by r.
21
Let t = -107 - -185. Calculate the remainder when t is divided by ((-66)/9 + 4)*-6.
18
Let t(y) = -3*y**2 + 19*y - 12. Let w be t(5). Suppose 2*q - 6 - w = 0. Calculate the remainder when q is divided by 2.
1
Let x = 195 - 60. What is the remainder when x is divided by 23?
20
Suppose -48 = -4*p + 5*i - 1, -5*p + 3*i = -62. Let o be (3 + (-3)/6)*2. What is the remainder when p is divided by 34/o - 9/(-45)?
6
Let c(i) = 31*i**3 - i**2 + 2*i - 1. Let z(j) = -j**2 - 6*j - 4. Let o be z(-5). Calculate the remainder when 60 is divided by c(o).
29
Suppose -11*n + 15*n - 252 = 0. Suppose -z + 116 = 4*z + 3*u, 16 = z + 3*u. What is the remainder when n is divided by z?
13
What is the remainder when 262 is divided by (-1 - -2) + (5 - 8) + 17?
7
Let g(x) = -24*x + 3. Suppose -6*q = -2*q - 3*i + 13, 5*q = 4*i - 17. What is the remainder when 79 is divided by g(q)?
25
Let y = 0 - 0. Suppose y = -5*k - 2 + 7. Calculate the remainder when 17/1*(3 - k) is divided by 18.
16
Let k(p) = -p**3 + 6*p**2 + 6*p - 7. Let w(b) = -5*b + 4*b + 3*b - 4 + 1. Calculate the remainder when k(6) is divided by w(9).
14
Suppose 3*s - 109 = 2*t, 0 = s - 2*t + t - 36. Calculate the remainder when 183 is divided by s.
35
Let n(z) = -z**2 - 8*z + 19. Let q be n(-8). Suppose -1 = 5*u + q, 2*k - 2*u = 22. Calculate the remainder when 20 is divided by k.
6
Let g(p) = -76*p - 194. Calculate the remainder when 58 is divided by g(-3).
24
Suppose 67 = -6*x + 7*x. Let p = 75 - x. Calculate the remainder when 41 is divided by p.
1
Let c(q) be the first derivative of 125*q**3/3 - q + 3. What is the remainder when c(-1) is divided by 42?
40
Let f be (-18)/(-2) + 6 + -8. Let s = f + -92. What is the remainder when s/(-34)*(-74)/(-5) is divided by 10?
7
Suppose 0 = 4*k - 2*k - 204. Let c = 93 + 4. Let y = 132 - c. What is the remainder when k is divided by y?
32
Suppose -60*l = -21*l - 468. What is the remainder when 4/(-2) - -2 - -33 is divided by l?
9
Suppose 14*t = -108 + 486. What is the remainder when 77 is divided by t?
23
Suppose -3*k - 5 = -3*x + 1, -2*x + 18 = 5*k. Let r be k*((-10)/4)/(-5). Calculate the remainder when 18 is divided by 8/r - 6/2.
3
Let f(b) = 3*b**2 - 26*b - 159. Calculate the remainder when f(-12) is divided by 84.
81
Let z(a) = -4*a**3 + 60*a - a**2 + 8*a**3 - 60*a. Let k be z(-2). Let w = k - -60. Calculate the remainder when 46 is divided by w.
22
What is the remainder when 2822/18 - (-32)/144 is divided by 18?
13
Let k be 6/((-33)/(-6) + -4). Suppose c + k*c = -380. Let q = -27 - c. What is the remainder when q is divided by 17?
15
Let j(q) = 40*q**2 - 2*q. Calculate the remainder when j(1) is divided by 10.
8
Let u be -9*(-2 - 1 - 7). Suppose w + 4*n - 18 = 0, n - u = -5*w - 0*n. Suppose 2*h = 5*h - w. What is the remainder when 16 is divided by h?
4
Suppose 8*v - 320 = -5*k + 9*k, 0 = -2*k - 8. Calculate the remainder when 63 is divided by v.
25
Let a(w) be the first derivative of w**3/3 - w**2 + 12*w + 17. What is the remainder when a(4) is divided by 8?
4
Let w = 11 - 27. Let z = w - -19. Suppose z*t = 3*f - 2*t - 291, -3*t + 111 = f. What is the remainder when f is divided by 26?
24
Let n(i) = i**3 + 10*i**2 + 19*i + 11. Let t be n(-12). Calculate the remainder when 128 is divided by -3*(-2)/(-9) + t/(-15).
29
Let w = -149 - -169. Suppose z + 8 = 47. Calculate the remainder when z is divided by w.
19
Let s = -77 + 81. Suppose x + 4*b = 25, s*b + 20 = 5*x - x. What is the remainder when 169 is divided by x?
7
Suppose 479 = 24*a - 385. Calculate the remainder when a is divided by 19.
17
Let h = -118 - -208. Let y = 113 - h. What is the remainder when 228 is divided by y?
21
Let h be ((-3)/(-1))/(3 + -2). Suppose 155 = 4*y - h*u, -y + 2*u = 7*u - 56. Calculate the remainder when 122 is divided by y.
40
Let d be ((-10)/15)/(4/(-18)). Suppose -105 = -2*q - d*z, -2*z = 3*z + 25. Calculate the remainder when 4/(-14) + q/14 is divided by 2.
0
Suppose -5*w + 45 = 2*z, -5*z + 105 = -2*z - 5*w. Let c(a) = -2*a**2 - 22*a + 8. What is the remainder when c(-8) is divided by z?
26
Let l(w) = w**3 + 3*w**2 - 2*w - 2. Let i be l(-3). Calculate the remainder when (-3)/(-6) - (-114)/i is divided by 6.
5
Suppose 5*n + 5*c = -5, 0*c + c - 9 = 4*n. Let i(o) = o**3 + 7*o**2 - 4*o + 1. What is the remainder when i(-7) is divided by (-2 + 1 - n)*15?
14
Let l(j) = j**2 - 12*j + 13. What is the remainder when 134 is divided by l(13)?
4
Let y(p) = p + 169. Calculate the remainder when y(10) is divided by 12.
11
Let u(m) = 8*m**2 + 62*m. What is the remainder when 40 is divided by u(-8)?
8
Let n = 0 - -14. Suppose 2*w - 86 = 4*y, -96 + n = -2*w + 2*y. What is the remainder when w is divided by 6?
3
Suppose -s - 3*s = -4*w + 40, -w - 3*s + 2 = 0. Calculate the remainder when -2 + 2 + (16 - 1) is divided by w.
7
Suppose 0 = 2*t - 29 - 11. Let v = -643 + 680. Calculate the remainder when v is divided by t.
17
Suppose 12*t - 162 = -42. What is the remainder when 55 is divided by t?
5
Let m = 570 + -421. What is the remainder when m is divided by 40?
29
What is the remainder when 23/(207/180)*(-4)/(-1) is divided by 33?
14
Suppose -15*b + 257 = -103. Suppose 4*k - 5*k + 4 = 0. Let p(x) = -x**3 + 5*x**2 - 2*x + 1. What is the remainder when b is divided by p(k)?
6
Suppose 0 = 2*n - 3*r - 19, -n + r + 13 = -4*r. Let s be 12/(-14)*5/(-2)*14. Suppose 15*f = 14*f + s. What is the remainder when f is divided by n?
6
Suppose 3*s + 4 = 1. Calculate the remainder when (-28)/(-4)*2 + -7 + 4 is divided by (s/(-2) - 1)*-14.
4
Let b be -5 - (-245)/(0 - 5). Let a = b + 78. Calculate the remainder when a is divided by 17.
7
Suppose -9*d = 2*g - 8*d - 987, -d = -2*g + 985. What is the remainder when g is divided by 11?
9
Suppose 5*i = -10, 23*u = 25*u + 3*i - 8. Let o(b) = b**2 - 2*b + 3. Calculate the remainder when o(6) is divided by u.
6
Suppose 5*n - 40 = 2*g + 2*g, -4*g - 32 = -3*n. Suppose n*k - 9*k = -30. Calculate the remainder when 15 is divided by k.
3
Let a = 1021 + -700. Calculate the remainder when a is divided by 14.
13
Suppose 5*x = -0*x + 25, -4*n + 31 = 3*x. Suppose 2*s - 36 - 4 = -4*y, n*y = -4*s + 84. Calculate the remainder when 87 - (1 - (0 + 0)) is divided by s.
20
Let b = -15 + 27. Let t be 42 + b/(-2 - -6). Suppose 0 = 5*i + 2*c - t, 0*c = -c + 5. Calculate the remainder when 27 is divided by i.
6
Let d(c) = 2*c + 4. Let b be d(-3). Let t be 3808/49 + b/(-7). Suppose -5*w + 6 - 21 = -2*p, 0 = -5*p - w + t. Calculate the remainder when 44 is divided by p.
14
Let n = -652 + 705. What is the remainder when 1059 is divided by n?
52
Suppose 84 = -q - q - 2*t, -3*q = -2*t + 111. Let l = -3 - q. Calculate the remainder when 250 is divided by l.
34
Let i = -67 + 114. Let v(n) = -3*n - 23. Let p(o) = 3*o + 22. Let m(z) = 5*p(z) + 6*v(z). Calculate the remainder when i is divided by m(-15).
13
Suppose -163 = -r - 2*r + o, 0 = -r - 2*o + 45. Let w(b) = 2*b**2 - 3*b + 2. Let l be w(2). What is the rem